a - f, 15 = -a + 4*v. Calculate the remainder when 16 is divided by a.
1
Suppose -2*t - t + 6 = 2*d, 2*t - 3*d = 17. Suppose 2*y - 960 = -5*l, 405 = 2*l - t*y + 9*y. Calculate the remainder when l is divided by 24.
22
Let k be (8/5)/(10/25). Suppose 56 = 5*a - i, -a + 3*i - i + k = 0. Let v = -119 - -151. What is the remainder when v is divided by a?
8
Suppose 2635*b - 2620*b = 8790. What is the remainder when b is divided by 288?
10
What is the remainder when (6/(-8))/(48/(-448)) + 2167 is divided by 75?
74
Suppose -201*p - 926 = 108*p - 5870. Calculate the remainder when 908 is divided by p.
12
Suppose 2*p = -4*n + 178, -5*n - 218*p + 217 = -215*p. Let w = -193 + 591. What is the remainder when w is divided by n?
48
Suppose 26*k + 5*m - 805 = 22*k, 3*m = 3*k - 597. Calculate the remainder when 1208 is divided by k.
8
Suppose r + 5*s - 755 = 0, -2*r + 4*s + 1501 = 5*s. What is the remainder when r is divided by 233?
51
Suppose -5*t + 20 = -u, 2*t + 0*t = 2*u. Suppose 51*k = -81*k + 52 + 212. Calculate the remainder when t is divided by k.
1
Suppose -k + 9 + 10 = 0. What is the remainder when 1505/10*72/84 is divided by k?
15
Let n = 56 - 53. Suppose -6*j + 72 = -n*j. Suppose j*b - 18 = 23*b. What is the remainder when 34 is divided by b?
16
Let h = -3697 + 3820. What is the remainder when 394 is divided by h?
25
Suppose 0 = -4*s + 4, 4*h + 2*s - 342 = -32. What is the remainder when 2612 is divided by h?
71
Let r(u) = 3*u**2 - 35*u - 14. Calculate the remainder when r(-2) is divided by 1*((-4)/(-2) - -34).
32
Let p(m) = 3*m**2 + 121*m + 693. Suppose -230 = 5*a - 15. Let s = -30 - a. Calculate the remainder when p(-34) is divided by s.
8
Suppose t - u - 47 = 2*u, -5*t + 165 = -u. Calculate the remainder when 627 is divided by t.
19
Suppose -x - 6*l + 2*l = -222, 2*x + 3*l = 424. Suppose -202*k - 20 = -x*k. Calculate the remainder when 46 is divided by k.
1
Suppose 21*z = 39*z - 72. Suppose 0 = -z*q - 6*y + 66, 9*q - 8*q = -4*y + 4. Suppose 2*r - 524 = -0*r. Calculate the remainder when r is divided by q.
22
Suppose -q - 33 = -3*o, -4 = -3*q - 13. Suppose 16*u + 1836 = -11*u. What is the remainder when (10 - 7)/((-3)/u) is divided by o?
8
Let y = -7 - 367. Calculate the remainder when 80 is divided by (-3 + (-14)/(-4))/((-11)/y).
12
Suppose 3217*r - 7104 = 3169*r. What is the remainder when 872 is divided by r?
132
Let j(v) = 346*v + 3327. What is the remainder when j(-8) is divided by 148?
115
Let p(v) = -v**3 - v**2 - 18*v - 1. Let s = 647 - 650. Calculate the remainder when p(s) is divided by 27.
17
Let f be (-1)/4 + (-13750)/(-88). Suppose f = 2*y + 104. Calculate the remainder when 30 is divided by y.
4
Suppose 4*c = -3*w + 1055, 0*c + 2*w = -2*c + 528. Let f = c - 257. Calculate the remainder when ((-1)/(-2))/(1/18) is divided by f.
3
Let i(z) = -41*z - 5. Let p(t) = -144*t - 18. Let v(m) = 18*i(m) - 5*p(m). What is the remainder when 11*1/(-5)*-5 + 56 is divided by v(-1)?
13
Suppose r = 2*b + 6*r + 21, -35 = -5*b + 5*r. Calculate the remainder when (b/6)/(-1 + 2112/2106) is divided by 41.
35
Suppose -129 = -60*x + 107 + 544. What is the remainder when 737 is divided by x?
9
Suppose -4*v + 4*z = v - 10, 4*z = 0. Calculate the remainder when v + -4 + 5 - -4 is divided by (-3 - (1 + -7)) + 2.
2
Suppose 2*w - 42 - 118 = 0. Let h(y) = -y**3 + 66*y**2 - 8*y + 549. Calculate the remainder when w is divided by h(66).
17
Suppose -2*d = -0*d - 98. Suppose 0 = -3*h - d - 23. Let l = -16 - h. Calculate the remainder when 37 is divided by l.
5
Let h be ((-24)/(-9))/(1/((-162)/12)). Calculate the remainder when 70 is divided by (-340)/(-14) - (h/(-28) + -1).
22
Let l(f) = -21*f - 59. Let q be l(-5). Suppose 18*z = q + 548. What is the remainder when z is divided by 12?
9
Let h(v) = v**3 + 13*v**2 + 23*v + 13. Let y be h(-11). Suppose 4*k + 230 - 606 = -y*s, 2*k = -3*s + 196. What is the remainder when k is divided by 24?
20
Let z be (8/(-12) - 2)*-9. What is the remainder when 128/(-10)*((-20)/(-5) - z) is divided by 70?
46
Suppose -741 = 44*s - 67*s - 34*s. Calculate the remainder when 855 is divided by s.
10
Let m(f) = f**2 - 21*f - 25. Let c be m(16). Let o = c - -160. Suppose -53 = -3*d + o. What is the remainder when 141 is divided by d?
33
Let j(k) = k**2 + 38*k - 48. Let v be j(-39). What is the remainder when ((-83)/(-3))/((-1)/(-3)) is divided by (-168)/(5 + v) + 0?
41
Let u = -133 - -129. Let v(p) = -33*p + 24. Calculate the remainder when v(u) is divided by 27.
21
Let h = -650 - -880. Calculate the remainder when 85 is divided by (h/6)/((-85)/(-102)).
39
Suppose 0*u = -19*u + 10*u + 54. What is the remainder when 237 is divided by u?
3
Suppose 785*p - 774*p - 418 = 0. What is the remainder when 138 is divided by p?
24
Let l(y) = 3*y**2 - 105*y - 81. Calculate the remainder when 5148 is divided by l(36).
18
Suppose 23*d - 65076 = -35*d. What is the remainder when d is divided by 75?
72
Let i = -11 - -5. Let h(z) = z**2 + 7 + 3*z**2 - 891*z**3 - 12*z + 892*z**3. Calculate the remainder when 21 is divided by h(i).
0
Let v(g) = -6*g**2 + 231*g + 3. What is the remainder when v(37) is divided by 59?
41
Let b be 18/(3 - 0) - (-20 - -22). Suppose -z - 6*q + 36 = -b*q, -3*q = -3*z + 135. Calculate the remainder when z is divided by 12.
6
Let x(p) = -p**3 - 4*p**2 + 11*p - 3. Let o be x(-6). Suppose i = o*i - 444. Suppose i = 5*n + n. What is the remainder when 183 is divided by n?
35
Let y be (178/(-267))/(0 - (-2)/18). What is the remainder when 9 is divided by (4/12 + y + 8)*3?
2
Let w(q) = 59*q**2 - 16*q + 37. Let g be w(2). Let l = g - 135. Calculate the remainder when l is divided by 9.
7
Let o = 504 + -435. Let g = 2 - -12. What is the remainder when o is divided by g?
13
Let v be 4/10 + 14/(-35). Suppose -4*z - g + 77 + 10 = 0, 4*z + 3*g - 93 = v. Calculate the remainder when z is divided by (0 + 8/(-3))/((-26)/39).
1
Suppose 10*m - 35 + 81 + 64 = 0. Let t = 1 + -1. Let u = t - m. Calculate the remainder when 64 is divided by u.
9
Let p(f) = -7*f - 8. Suppose 0 = -l - 3*l + r + 1304, 2*l - 5*r = 634. Suppose -l = -8*j + 81. Calculate the remainder when j is divided by p(-3).
12
Let g = -355 + 542. Suppose -51 = 4*o - g. Let l = -1184 - -1280. Calculate the remainder when l is divided by o.
28
What is the remainder when ((-222)/(-8))/(((-52)/(-48))/13) is divided by 173?
160
Let d be (-202)/(-8) + (-4)/16. Suppose m - d = 2. Suppose 3001 = 45*a + 796. Calculate the remainder when a is divided by m.
22
Let z = -28 - -61. Suppose -3*y + y + 2*v = -30, z = 3*y + 3*v. Calculate the remainder when (-6415)/(-50) + 6/(-20) is divided by y.
11
Suppose -3*l + 4*s = -61, 5*l - s = l + 64. What is the remainder when 3329 is divided by l?
14
Let w = 12 - 9. Suppose 0*v - 2*v + 2 = -2*k, 22 = w*k + 2*v. Suppose 2 = d, 6*h - 3*h - 2*d - 71 = 0. Calculate the remainder when h is divided by k.
1
Suppose 3*b - 12 = 0, -1492 = -2*u - 13*b + 1862. What is the remainder when u is divided by 84?
55
Suppose -400 = 84*x - 109*x. What is the remainder when (-20)/(-6)*1134/35 is divided by x?
12
Suppose 9 = 5*k - 66. Let b = -377 - -891. Suppose -b = -5*v - 479. What is the remainder when k is divided by v?
1
Suppose -2*q - 5*q = -11*q + 592. Calculate the remainder when 907 is divided by q.
19
Suppose -1459*f + 1464*f = 240. Let b(l) = l + 22. What is the remainder when f is divided by b(-7)?
3
Let f(k) = k - 23. Let p be f(8). Let w be (96/80)/(6/(-140)). Let j = p - w. Calculate the remainder when 127 is divided by j.
10
Let s = -77 + 93. Let t(z) = 0*z - z**2 + 5 - s - 12*z + 4*z. What is the remainder when 12 is divided by t(-4)?
2
Suppose 3*w - 6 = 0, -2*w + 73 = -5*s + 204. Let q = 402 + -236. Suppose -q = -5*h - 131. What is the remainder when s is divided by h?
6
Let o = 169 - 147. Suppose 0 = d + 4*f - o, 3*f = 6*d - 4*d - 22. What is the remainder when 263 is divided by d?
11
Let c = -11101 + 11210. Calculate the remainder when 1847 is divided by c.
103
Suppose -3*z + 5*c + 529 = 0, 7*z - 31*c - 1166 = -33*c. Calculate the remainder when 1693 is divided by z.
13
Let r = 4151 + -4136. Calculate the remainder when 269 is divided by r.
14
Let g be 7/(-42)*3*-38. Suppose -4*r = 2*z - 122, -g + 7 = -4*z. Suppose 57 + 173 = 2*l. What is the remainder when l